of f and 112?
14
Let w(g) = g**2 - g + 1. Let x be w(-3). Let y(r) = -5*r + 39. Let n be y(0). Calculate the greatest common factor of x and n.
13
Suppose s = -6*s + 1134. What is the greatest common divisor of s and 18?
18
Let a = 60 + -42. Suppose a = 2*p + p. Let s be (-14)/((-1)/(3/p)). Calculate the greatest common factor of 35 and s.
7
Suppose -4*n = 4*m + 56, 3*n = 7*n + m + 71. Let g = 39 + n. Suppose 0 = -6*o + o + 250. Calculate the greatest common divisor of g and o.
10
Suppose 3*i = n + 6*i - 22, 0 = -3*n + 4*i + 14. Suppose -136 = -3*o - 4*v + 186, 2*o = 4*v + 228. What is the greatest common divisor of o and n?
10
Suppose -2*q + 110 = -5*h, 74 + 36 = 2*q - 2*h. Let g be ((-6)/(-15))/((-1)/(-55)). Calculate the highest common divisor of g and q.
11
Let z(r) = r**3 + 2*r**2 - 3*r + 3. Let i be z(-2). Calculate the highest common divisor of i and 72.
9
Suppose -2*k - 2*k = -12. Suppose k*d + 2*d - 40 = -5*y, 0 = -5*y - d + 24. Suppose 0*i + 40 = y*i. What is the greatest common divisor of 50 and i?
10
Let g = 34 + -1. Calculate the highest common factor of g and 22.
11
Suppose 2*j + 27 = 63. Suppose 0 = -2*s + 26 - 2. What is the highest common factor of s and j?
6
Let j be ((-6)/9 + 0)*-3. What is the greatest common factor of 6 and j?
2
Let z be (-2)/(9/(-6) - -1). Suppose k - z = 15. Calculate the greatest common divisor of 76 and k.
19
Let v = -13 - -19. Let g be (-252)/(-27)*v/4. What is the highest common factor of 154 and g?
14
Suppose k - 2*w - 105 = 0, 2*k - 3*w - 213 = -0*k. Let p = -36 + k. What is the greatest common divisor of p and 30?
15
Suppose -3*y - v - 1 = 0, -2*v = 4*y - 0*v. Let i be y/3*-3 - 1. Suppose -5*k + 69 + 131 = i. What is the highest common factor of 5 and k?
5
Let r = -10 + 25. Suppose -5*u = -4*t + 361, -3*u = t - 3*t + 179. Let o = 169 - t. What is the highest common divisor of r and o?
15
Let d be 82/4 + (-3)/6. What is the greatest common factor of 4 and d?
4
Let t(f) = f - 1. Let a = 9 + -7. Let m be t(a). What is the highest common factor of 9 and m?
1
Let q be (-1)/((-3)/8)*(-621)/(-46). What is the highest common factor of q and 24?
12
Let v(d) = 19*d**2 - 3*d - 2. Let l be v(-2). Calculate the highest common divisor of l and 10.
10
Let w(d) = -d**2 + 15*d - 4. Let n be w(14). Let v = 2 + 8. What is the highest common factor of v and n?
10
Let y = -15 - -36. Suppose -3*l + 2*l - y = 0. Let h = l - -32. Calculate the highest common divisor of 1 and h.
1
Let t = -120 - -216. Calculate the greatest common factor of t and 32.
32
Let v be (-2)/(-10) - 936/(-45). Suppose 5*i = 4*z - 65, 3*z - i - 14 = v. Calculate the highest common divisor of z and 5.
5
Let z(x) = -x**2 - 8*x + 4. Let r be z(-6). Let q = -12 + r. What is the greatest common divisor of q and 2?
2
Let y = 44 - -91. Calculate the highest common factor of y and 15.
15
Let k(z) = 5*z**2 + 4*z + 7. Let u be (0 - 1/2)*-4. Suppose -5*g - 22 = -y, g + u = y - 0*y. Let p be k(g). What is the greatest common divisor of p and 16?
16
Let b(t) = -t**2 + 5*t + 4. Let k be b(5). Let u = -82 + 118. Calculate the highest common divisor of u and k.
4
Suppose -4*w + 2*p = -0 - 6, 7 = 3*w + p. Suppose -w*c - 2 - 36 = 0. Let l = c - -34. What is the greatest common factor of l and 10?
5
Suppose 234 - 54 = 2*k. What is the highest common divisor of k and 36?
18
Suppose -x = 57 - 165. Calculate the highest common divisor of x and 12.
12
Let o be 0 + 2/1*33. Calculate the highest common divisor of o and 33.
33
Suppose 558 = -r + 4*r. Let v = r + -114. Calculate the highest common divisor of 8 and v.
8
Let b(q) = q**2 - 20*q + 23. Let z be b(21). What is the highest common factor of 11 and z?
11
Let f(v) = v**2 + v + 6. Let p be f(-5). Calculate the highest common divisor of 13 and p.
13
Let k(n) = n**3 - n**2 - n - 1. Let y be k(2). Let p be (2 + 0 + -2)/y. Suppose p = 2*x - 33 - 39. Calculate the greatest common factor of 4 and x.
4
Let b be (14*-1 - -3)*-4. Calculate the highest common factor of b and 11.
11
Suppose 5*r - 24 = -3*n, 0*r + 4*n = 3*r + 3. Suppose 0 = -5*c + r + 22. Suppose -c*m + 125 + 85 = 0. Calculate the highest common factor of 6 and m.
6
Let j = 6 + -2. Suppose y - 5 = -j*z + 6, -12 = -4*y. Suppose 4*p + 122 = 6*p + 4*k, 101 = z*p - 3*k. What is the highest common factor of p and 5?
5
Let y(q) = q**3 - 14*q**2 - 9*q - 26. Let m be y(15). What is the highest common factor of m and 8?
8
Let g = 13 - 3. Calculate the highest common divisor of g and 90.
10
Let l(b) = 3*b. Let v be l(1). Let c = 77 + 43. Suppose -23 - 43 = -2*n - 4*w, 4*n + 4*w = c. Calculate the highest common factor of n and v.
3
Suppose -381*u + 380*u + 54 = 0. Let d be 68/2 - (1 + -3). What is the highest common factor of u and d?
18
Suppose -4 = -2*l + 8. Let t be 25 - (-6 - -3 - -4). What is the highest common factor of l and t?
6
Suppose 3*a - 3 = 4*u + 1, -18 = -5*a + u. Calculate the greatest common factor of a and 12.
4
Let u = -121 + 20. Suppose 2*g - 99 - 247 = 0. Let n = g + u. Calculate the greatest common factor of 8 and n.
8
Let b = -8 + 15. Let n = 74 + -67. What is the highest common divisor of b and n?
7
Suppose 5*w = -3*k + 417, 166 = 3*w + 2*k - 84. Let c = -12 - -29. Suppose c = 3*u - 3*g - 28, -4*u + w = 4*g. What is the greatest common factor of u and 27?
9
Let a(w) = w**3 - 4*w**2 + 3*w + 4. Let h be a(3). Calculate the greatest common divisor of h and 68.
4
Let p(t) = t**2 - t. Suppose 4*x - 6 = x. Let n be p(x). Suppose h = -0*j - 4*j + 65, -3*h - n*j + 145 = 0. Calculate the highest common factor of 15 and h.
15
Suppose 2*p + 1 = 11. What is the highest common factor of 2 and p?
1
Suppose 0 = -18*u - 155 + 425. What is the greatest common factor of u and 405?
15
Let n = 36 + -5. Suppose 1 = -5*c + n. What is the greatest common factor of c and 18?
6
Let d(x) = -8*x - 40. Let m be d(-11). Calculate the greatest common factor of m and 12.
12
Let b = 10 - 10. Let y = 3 - b. What is the highest common divisor of y and 3?
3
Let m be (-38)/(-6) + 4/6. Let c = -302 + 473. Suppose 3*s - o - c = 0, 4*s + o - 2*o - 227 = 0. Calculate the greatest common factor of m and s.
7
Let z(p) = p**2 - 12*p + 12. Let g be z(13). What is the greatest common factor of 5 and g?
5
Let l(b) be the second derivative of b**3/3 + 2*b**2 + b. Let o be l(7). What is the greatest common divisor of 45 and o?
9
Let b(z) = z**2 - 2*z - 17. Let f be b(-5). Calculate the greatest common factor of f and 288.
18
Suppose -4*w = 2*q - 24, 0 = 5*q - 5 + 25. Let n(g) = g - 3. Let y be n(4). Let z = 3 + y. What is the highest common factor of z and w?
4
Let i be (4 + (-3 - -5))/(-1). Let r be i*(3 - (-21)/(-6)). What is the greatest common factor of r and 1?
1
Suppose -3*k - 2*k + 60 = 0. Suppose 23 + 22 = 3*w. Suppose g - 2*g + 21 = 5*a, -w = -g - 3*a. What is the highest common factor of k and g?
6
Let h(k) be the first derivative of k**3/3 + k**2/2 - 2*k - 6. Let c be h(2). Calculate the greatest common divisor of c and 4.
4
Let l(y) = -4*y**3 - 4 + 3*y**3 + 3*y + 3*y**2 + 5*y - 3*y. Let q be l(-4). Calculate the greatest common divisor of q and 8.
8
Suppose -231 = 48*g - 51*g. Calculate the highest common divisor of g and 11.
11
Let k = -32 + 35. Suppose -4*x + 50 - 14 = 0. What is the greatest common divisor of x and k?
3
Suppose 5*a - 138 = m, -2*a + 10 = -4*m - 38. Calculate the greatest common divisor of a and 42.
14
Suppose 5*u = 4*r - 152, 3*r - r - 2*u = 76. Calculate the greatest common divisor of 57 and r.
19
Suppose -h + 4*f + 2 - 3 = 0, 4*f = 8. Calculate the highest common factor of h and 28.
7
Let a = -18 - -24. Calculate the highest common factor of a and 48.
6
Let y = 14 + -10. Calculate the greatest common divisor of 1 and y.
1
Let z(h) = h**2 + 13*h + 8. Let o be z(-6). Let j = 101 - o. Let f be (13 - (-1 - 1))*1. Calculate the greatest common factor of j and f.
15
Let o = -13 + 25. Let r(d) = -3*d. Let u be r(-1). Suppose u*y - v = -6*v - 8, o = 2*y - v. What is the greatest common factor of 28 and y?
4
Suppose -4*c + 9 = 29, 4*c = 3*l - 140. Suppose l = 3*j + 2*j. Let q be (12/j)/((-6)/(-320)). Calculate the highest common divisor of 10 and q.
10
Suppose -5*h = -4*f - 1 - 1, 5*h + 4*f = 18. Suppose 0 = h*m + 2*m - 120. What is the highest common factor of 12 an